{"id":144,"date":"2024-05-10T20:40:01","date_gmt":"2024-05-10T19:40:01","guid":{"rendered":"http:\/\/localhost\/A\/AbrantesAdvogados\/Dev\/build\/wordpress\/sobre-nos\/"},"modified":"2024-10-08T16:58:10","modified_gmt":"2024-10-08T15:58:10","slug":"nosotros","status":"publish","type":"page","link":"https:\/\/www.abrantesadvogados.com\/es\/nosotros\/","title":{"rendered":"Nosotros"},"content":{"rendered":"\n<p>Con m\u00e1s de veinticinco a\u00f1os de experiencia profesional, sobre todo en el \u00e1rea del derecho de la empresa, el Despacho traduce la autonomizaci\u00f3n de la pr\u00e1ctica legal de su abogado fundador, titulado en Derecho por la Facultad de Derecho de la Universidad de Lisboa &#8211; una de las dos m\u00e1s prestigiosas Facultades de Derecho en Portugal &#8211; cuyo objetivo es prestar servicios jur\u00eddicos de excepci\u00f3n, de manera integrada, a empresas y personas individuales, nacionales y extranjeras.<\/p>\n\n\n\n<p>Desde su creaci\u00f3n en 2009, el Despacho viene asesorando con bastante \u00e9xito sobretodo clientes extranjeros con sus inversiones en Portugal sean particulares, peque\u00f1as, medianas o grandes empresas.<\/p>\n\n\n\n<p>El Despacho integra una red internacional de Despachos de Abogados independientes y especializados en las \u00e1reas de los negocios y de las empresas, sin car\u00e1cter de exclusividad, presente en m\u00e1s de 100 pa\u00edses en los cinco continentes, la cual permite a sus clientes nacionales y extranjeros de beneficiar de un acompa\u00f1amiento jur\u00eddico permanente y de confianza al realizar sus inversiones y actividades en cualquier de eses pa\u00edses.<\/p>\n","protected":false},"excerpt":{"rendered":"<p>Con m\u00e1s de veinte a\u00f1os de experiencia profesional, sobre todo en el \u00e1rea del derecho de la empresa, el Despacho traduce la autonomizaci\u00f3n de la pr\u00e1ctica legal de su abogado fundador<\/p>\n","protected":false},"author":2,"featured_media":0,"parent":0,"menu_order":2,"comment_status":"closed","ping_status":"closed","template":"","meta":{"footnotes":""},"class_list":["post-144","page","type-page","status-publish","hentry"],"_links":{"self":[{"href":"https:\/\/www.abrantesadvogados.com\/es\/wp-json\/wp\/v2\/pages\/144","targetHints":{"allow":["GET"]}}],"collection":[{"href":"https:\/\/www.abrantesadvogados.com\/es\/wp-json\/wp\/v2\/pages"}],"about":[{"href":"https:\/\/www.abrantesadvogados.com\/es\/wp-json\/wp\/v2\/types\/page"}],"author":[{"embeddable":true,"href":"https:\/\/www.abrantesadvogados.com\/es\/wp-json\/wp\/v2\/users\/2"}],"replies":[{"embeddable":true,"href":"https:\/\/www.abrantesadvogados.com\/es\/wp-json\/wp\/v2\/comments?post=144"}],"version-history":[{"count":5,"href":"https:\/\/www.abrantesadvogados.com\/es\/wp-json\/wp\/v2\/pages\/144\/revisions"}],"predecessor-version":[{"id":449,"href":"https:\/\/www.abrantesadvogados.com\/es\/wp-json\/wp\/v2\/pages\/144\/revisions\/449"}],"wp:attachment":[{"href":"https:\/\/www.abrantesadvogados.com\/es\/wp-json\/wp\/v2\/media?parent=144"}],"curies":[{"name":"wp","href":"https:\/\/api.w.org\/{rel}","templated":true}]}}

<p>Con más de veinticinco años de experiencia profesional, sobre todo en el área del derecho de la empresa, el Despacho traduce la autonomización de la práctica legal de su abogado fundador, titulado en Derecho por la Facultad de Derecho de la Universidad de Lisboa &#8211; una de las dos más prestigiosas Facultades de Derecho en Portugal &#8211; cuyo objetivo es prestar servicios jurídicos de excepción, de manera integrada, a empresas y personas individuales, nacionales y extranjeras.</p>



<p>Desde su creación en 2009, el Despacho viene asesorando con bastante éxito sobretodo clientes extranjeros con sus inversiones en Portugal sean particulares, pequeñas, medianas o grandes empresas.</p>



<p>El Despacho integra una red internacional de Despachos de Abogados independientes y especializados en las áreas de los negocios y de las empresas, sin carácter de exclusividad, presente en más de 100 países en los cinco continentes, la cual permite a sus clientes nacionales y extranjeros de beneficiar de un acompañamiento jurídico permanente y de confianza al realizar sus inversiones y actividades en cualquier de eses países.</p>

<p>Con más de veinte años de experiencia profesional, sobre todo en el área del derecho de la empresa, el Despacho traduce la autonomización de la práctica legal de su abogado fundador</p>
