{"id":137,"date":"2024-05-10T20:39:47","date_gmt":"2024-05-10T19:39:47","guid":{"rendered":"http:\/\/localhost\/A\/AbrantesAdvogados\/Dev\/build\/wordpress\/inicio\/"},"modified":"2024-10-08T17:15:29","modified_gmt":"2024-10-08T16:15:29","slug":"inicio","status":"publish","type":"page","link":"https:\/\/www.abrantesadvogados.com\/it\/","title":{"rendered":"In\u00edcio"},"content":{"rendered":"\n<p>Con oltre venticinque anni di esperienza professionale, in particolare nell&#8217;area del denominato &#8216;dirito delle imprese&#8217;, lo Studio Legale riflette l&#8217;autonomia della pratica del suo avvocato fondatore, che ha studiato diritto presso la Facolt\u00e0 di Giurisprudenza della Universit\u00e0 di Lisbona &#8211; una delle due pi\u00f9 prestigiose Facolt\u00e0 di Giurisprudenza in Portogallo\u2026<\/p>\n","protected":false},"excerpt":{"rendered":"<p>Con oltre venti anni di esperienza professionale, in particolare nell&#8217;area del diritto degli affari, lo Studio Legale riflette l&#8217;autonomia della pratica del suo avvocato fondatore<\/p>\n","protected":false},"author":2,"featured_media":113,"parent":0,"menu_order":1,"comment_status":"closed","ping_status":"closed","template":"","meta":{"footnotes":""},"class_list":["post-137","page","type-page","status-publish","has-post-thumbnail","hentry"],"_links":{"self":[{"href":"https:\/\/www.abrantesadvogados.com\/it\/wp-json\/wp\/v2\/pages\/137","targetHints":{"allow":["GET"]}}],"collection":[{"href":"https:\/\/www.abrantesadvogados.com\/it\/wp-json\/wp\/v2\/pages"}],"about":[{"href":"https:\/\/www.abrantesadvogados.com\/it\/wp-json\/wp\/v2\/types\/page"}],"author":[{"embeddable":true,"href":"https:\/\/www.abrantesadvogados.com\/it\/wp-json\/wp\/v2\/users\/2"}],"replies":[{"embeddable":true,"href":"https:\/\/www.abrantesadvogados.com\/it\/wp-json\/wp\/v2\/comments?post=137"}],"version-history":[{"count":4,"href":"https:\/\/www.abrantesadvogados.com\/it\/wp-json\/wp\/v2\/pages\/137\/revisions"}],"predecessor-version":[{"id":461,"href":"https:\/\/www.abrantesadvogados.com\/it\/wp-json\/wp\/v2\/pages\/137\/revisions\/461"}],"wp:featuredmedia":[{"embeddable":true,"href":"https:\/\/www.abrantesadvogados.com\/it\/wp-json\/wp\/v2\/media\/113"}],"wp:attachment":[{"href":"https:\/\/www.abrantesadvogados.com\/it\/wp-json\/wp\/v2\/media?parent=137"}],"curies":[{"name":"wp","href":"https:\/\/api.w.org\/{rel}","templated":true}]}}

Início

<p>Con oltre venticinque anni di esperienza professionale, in particolare nell&#8217;area del denominato &#8216;dirito delle imprese&#8217;, lo Studio Legale riflette l&#8217;autonomia della pratica del suo avvocato fondatore, che ha studiato diritto presso la Facoltà di Giurisprudenza della Università di Lisbona &#8211; una delle due più prestigiose Facoltà di Giurisprudenza in Portogallo…</p>
